591 = 0. Let f = q - -305. What is the hundreds digit of f?
1
Suppose 2*h - 7320 = -2*k, -18320 = -9*h + 4*h - k. What is the hundreds digit of h?
6
Let b(s) = -8*s - 1. Let u be b(-4). Suppose -2*m + u = -5*t + 101, 3*m = -5*t + 45. What is the tens digit of t?
1
Suppose -1175 = -7*k + 771. What is the tens digit of k?
7
Suppose -6414 = -30*t + 5136. What is the hundreds digit of t?
3
Suppose 2*p + 1 = -7. Let q = 47 + -65. Let a = p - q. What is the tens digit of a?
1
Let t(w) = w**2 + 6*w - 22. Suppose 0*l = -l - 9. Let x(u) = u**3 + 10*u**2 + 10*u. Let o be x(l). What is the units digit of t(o)?
5
Suppose 2*x - 11 = 5*u - x, 2*x = -6. Let y = u + 7. Suppose 3*s + y = 27. What is the units digit of s?
8
Let q = 10 + -6. Suppose -22*o = -o. Suppose q*z - 228 = -o*z. What is the units digit of z?
7
Let r be 1 + (-2)/(-1) + 116. Suppose 6*z = -z + r. What is the units digit of z?
7
Suppose -2*m + 2*c + 5656 = 0, 2*m - c - 5659 = -2*c. What is the hundreds digit of m?
8
Let p(x) = -x**3 + 3*x**2 + x + 1. Let a be p(3). Let w(c) be the second derivative of -c**4/12 + 3*c**3/2 - 7*c**2/2 - 58*c. What is the units digit of w(a)?
3
Let j = -23 + 11. Suppose 7*x = -71 - 20. Let g = j - x. What is the units digit of g?
1
Let w(d) = -83*d + 1. Let b(q) = -41*q. Let m(k) = 11*b(k) - 6*w(k). What is the units digit of m(4)?
2
Suppose -50 - 66 = 4*a. Suppose 5*p - 56 = p. Let y = p - a. What is the tens digit of y?
4
Let j(d) = 81*d - 1. Let z be j(1). Let b(k) = 10*k + 104. Let m be b(-10). Suppose -3*s + m = -z. What is the units digit of s?
8
Let u(p) = -p + 4. Let h be u(2). Suppose 0 = -6*g + h + 10. Suppose 0 = -3*n - g + 26. What is the units digit of n?
8
Let b = 159 + -237. Let i = 144 + b. What is the tens digit of i?
6
Let t(c) = 6*c**3 - 9*c**2 + 7*c + 8. What is the hundreds digit of t(6)?
0
Let s(w) = -w**2 + 3. Let i be s(0). Suppose 5*g = 3*k - 23, -i*k - 12 = 3*g - 3. What is the units digit of k?
1
Let z(v) be the third derivative of -3*v**2 - 1/24*v**4 - 1/60*v**5 + 0*v + 4/3*v**3 + 0. What is the units digit of z(0)?
8
Suppose -6*b - 55 = 23. Let c = b - -96. What is the tens digit of c?
8
Let q(y) be the first derivative of y**2 - 8*y + 2. Let u be q(6). Suppose 14 = u*x + 2. What is the units digit of x?
3
Suppose 2*j - 3*a = 9 - 3, 0 = -j - a - 2. Suppose -m + 5*m - 260 = j. What is the tens digit of m?
6
Suppose -4*j = -5*k - 1435, 3*j - 2*k - 718 = j. What is the units digit of j?
0
Suppose -18160 = x - 21*x. What is the units digit of x?
8
Let c be 8/14 + 27117/63. Suppose -4*a + 353 = 5*j, 4*a + 86 = 3*j + c. What is the tens digit of a?
8
Let h(u) = 2*u + 13. Let w be h(-4). Suppose 8*z - w*z = 258. What is the tens digit of z?
8
Suppose -3*k - 3*m + 9007 - 2410 = 0, 3*m = 9. What is the thousands digit of k?
2
Suppose 7*p - 24 = 4*p. Suppose p = -0*f + 2*f. Suppose q - f*c - 36 = 0, 4 = 2*q + 2*c - 18. What is the tens digit of q?
1
Suppose -2*b = -15*b. Suppose b*c - 6*c = -444. What is the units digit of c?
4
Let q be (3/(-2))/(-3 + (-105)/(-40)). Suppose q*m + m + k - 331 = 0, -5*m + 2*k + 328 = 0. What is the units digit of m?
6
Suppose -5*h - 5*g = -55, 4*h - 3*g - 18 - 5 = 0. Let b be h/(-12) + 676/6. Let x = -67 + b. What is the tens digit of x?
4
Let z(j) = -34*j + 104. What is the units digit of z(0)?
4
What is the tens digit of ((3024/49)/8)/((-1)/(-28))?
1
Let w be (-1 - 0)/((-1)/3). Let c(b) = -b**2 + 3*b - 1. Let h be c(2). What is the tens digit of h - w - (-165)/5?
3
Let d(o) = 3*o**2 - 5. Let i be d(4). Let s(l) = l + 38. Let m be s(-18). Let a = i - m. What is the tens digit of a?
2
Suppose 4*m - 3*r = -227, 0*r + 237 = -4*m + 5*r. Let t = 263 + m. What is the units digit of t?
0
Suppose -m - 5*m = -1734. What is the tens digit of m?
8
Let q(k) = 46*k**2 - k + 1. What is the hundreds digit of q(-2)?
1
Suppose 3920 = 5*r - 2*j, 15*r - 3*j + 801 = 16*r. What is the hundreds digit of r?
7
Let z(n) = 59*n**2 - 21*n + 38. What is the units digit of z(2)?
2
Let j(o) = 98*o**2 + 1. Let w be j(1). What is the tens digit of (-5 - -1) + w + -4?
9
Let m be (-235)/35 - 6/21. Let p(h) be the first derivative of h**3/3 + 3*h**2/2 - 6*h + 5. What is the tens digit of p(m)?
2
Let p(o) = o**3 + 3*o**2 - 10*o. Let u be p(-5). Suppose 0 = -4*c - 2*k + 396, -2*c = -u*c + 3*k - 190. What is the units digit of c?
1
What is the tens digit of (-3)/(18/(-723))*6?
2
Let c(v) be the first derivative of v**3 - 5*v**2 + v - 32. What is the units digit of c(4)?
9
Let x = 22 + -9. Suppose -5*h + 4*n - 6 = -30, -3*h + n = -x. Suppose 0 = 3*d - 2*v + v - 27, h*d + 2*v - 26 = 0. What is the units digit of d?
8
Suppose 2*l - s = 4*s + 3409, -l - 5*s + 1697 = 0. Suppose -15*n + l = -2453. What is the hundreds digit of n?
2
Let l be (-2)/2 - (-2)/2. Suppose l = 6*p - 2*p - 48. Suppose -b = -0*b - p. What is the tens digit of b?
1
Let l be (-1 - 58)/(-3*(-2)/(-6)). Suppose 2*m - l - 110 = 3*q, -3*m = -5*q - 251. What is the units digit of m?
2
Let g = 122 + -115. Let s(o) = 2*o**3 - 9*o**2 + 7. What is the tens digit of s(g)?
5
Let q(v) = v**2 - 8*v + 8. Let p be q(6). What is the tens digit of -1*(6 + p + -78)?
7
Let m(s) = -4*s - 2. Let a be m(-3). Suppose -v + 3*v = a. Suppose -b - 4*c + 31 = 0, -v*b + 0*b - 4*c = -123. What is the tens digit of b?
2
Let b be 6/(-4)*38/19. Let s = 1 - b. Suppose 1 = u - s. What is the units digit of u?
5
Let c be (1*-4)/(-1 - -2 - 3). Suppose 557 = 5*w + y + c*y, -w = -4*y - 116. What is the units digit of w?
2
Let g = -784 + 1172. What is the units digit of g?
8
Let c = 7 + -7. Let r be (-2 + c)*(-9)/1. What is the units digit of 6/(-4) - (-189)/r?
9
Suppose -848 = -4*k - 2*o + 798, -5*o = 15. What is the hundreds digit of k?
4
Let f(d) = -169*d - 4. Let j be f(-1). Let a = 327 - j. What is the units digit of a?
2
Let r(d) = -d**2 - 7*d - 7. Let g be r(-7). Let x(z) = -z**2 - 25*z - 4. What is the hundreds digit of x(g)?
1
Let f(r) = -3*r**2 + 47*r - 31. Let z be f(15). Suppose 5*p + 15 = 0, -t - p = 2*p + 10. What is the tens digit of (z - -57) + t*4?
5
Let w = -2118 - -3449. What is the tens digit of w?
3
Suppose 0 = 2*d + 6. Let y(s) = 7*s**2 - 5*s - 2. Let i be y(d). Suppose -3*p = p - i. What is the units digit of p?
9
Let n be (-14)/4*48/8. Let b = n - -38. What is the units digit of b?
7
Let g(u) = -2*u + 3 + 4 + 0 - 4. Let o be g(7). What is the tens digit of 2/(-3)*o*3?
2
Suppose -332 + 3352 = 4*j. What is the units digit of j?
5
Let d(w) = -104*w**2 + w. Let p be d(1). Let b = 192 + p. Suppose 2*s + 4*g = -2*s + 80, -g + b = 4*s. What is the units digit of s?
3
Let g = 18 - 13. Suppose -3*i + 1 = -3*k - 2*k, -2*i + g*k = 1. What is the units digit of 35 - (-3 + i - 0)?
6
Let r(a) = a**2 + a. Let g(i) = -i**3 - 9*i**2 - 8*i + 2. Let h(x) = g(x) + 3*r(x). Let c be h(-5). Suppose 0*k - 8 = -c*k. What is the units digit of k?
4
Let i(k) = k + 8. Let o be i(-6). What is the tens digit of 0 + -6 + o - -74?
7
Suppose 12 = -2*i + 5*l, 7*i - 2*i = 5*l. Suppose 4*w = 0, -8*b + 72 = -i*b + w. What is the units digit of b?
8
Let k = 105 + 95. Let s = -293 + k. Let g = 133 + s. What is the units digit of g?
0
Suppose -3*t - 1631 = -5*s, -2*t = -t - 3. Suppose 6*r + s = 1696. What is the units digit of r?
8
Suppose -13*s + 12 = -9*s. Suppose 3*q = 5*u + q - 136, 5*q = -s*u + 94. What is the tens digit of u?
2
Let t be 16*(-1 + 3) - 3. Let s = 61 - t. Let k = 7 + s. What is the units digit of k?
9
Let j be 1324/(-16) - 4/16. Let c = -6 - j. What is the tens digit of c?
7
Let q(o) = 2*o - 24. Let b(w) = w + 21. Let m be b(-9). Let j be q(m). Suppose 4*v - 7 - 53 = j. What is the units digit of v?
5
Let h = -368 - -627. Let g = h - 167. What is the units digit of g?
2
Suppose 3*i - 1570 = -2*u, 5*i - 10*u - 2642 = -7*u. What is the hundreds digit of i?
5
Let x(s) be the first derivative of -11*s**5/120 - 3*s**3 - 2. Let v(j) be the third derivative of x(j). What is the units digit of v(-4)?
4
Let k(d) = -20*d**3 + 5*d**2 - 13*d. What is the tens digit of k(-5)?
9
Suppose 0 = 12*c - 3550 - 1070. What is the units digit of c?
5
Let d(v) = 5*v + 7 + 9*v**2 + v**3 + 0*v**3 + v. Suppose 2*y + 28 = -5*x - 2*y, 3*y = 9. What is the tens digit of d(x)?
2
Let p(q) = -2*q**3 + 19 - 9*q**2 - 4*q**3 + 24*q**2 + 5*q**3. Wha